3 + -2))
-18
What is the value of 2 - 9 - (12 + (-9 - 54) + 16)?
28
Calculate -22 + -1 - (6 + (21 - 41)).
-9
What is (0 - -5) + 1 + (-14 - (-10 - -15))?
-13
What is the value of (17 - -7) + -20 + 0 + -8?
-4
33 - 27 - 19 - -7
-6
What is -4 + 29 - (28 - (-28 + 54))?
23
What is 308 + -342 + (46 - -1)?
13
-5 - (-31 - -11) - (11 + -26)
30
What is the value of (10 - 6) + 6 + -20?
-10
Calculate 40 + -29 - (5 + -14 - -13).
7
What is -4 + 12 + (3 - 13)?
-2
(35 - 31) + 8 + -4
8
Calculate -2 - -13 - 33 - -13.
-9
What is (-3 + 0 - (-2 + 4)) + (-68 - -74)?
1
Calculate 2 + 6 + (1 - 9) + 4 - -17.
21
67 + -63 - ((-2 - 3) + -3)
12
Calculate -53 + 27 + (-12 - -36).
-2
Calculate 3 + -18 + 6 - (-11 + 2).
0
What is (-34 - -1) + (-7 + -46 - -62)?
-24
What is 53 - (36 + (30 - 30))?
17
What is the value of -6 + ((12 - -9) + -15 - 16)?
-16
What is the value of (314 - 310) + 1 + -2 + 0?
3
Evaluate -32 - (-18 + (-1 - -3)).
-16
Calculate 12 + 5 + -5 + (5 - 7) + -4.
6
What is the value of 5 - (-9 - (-1 + -29))?
-16
Calculate 0 - (11 + (-8 + 17 - 10)).
-10
Calculate (-1 + 6 - (5 + 14)) + 4.
-10
What is 18 + (10 - 26) - (-4 + (3 - 3))?
6
What is the value of 3 + (-14 - -2) + 6?
-3
Evaluate 3 + -3 + -1 + 3 - (652 + -630).
-20
(-18 - 4) + (9 - (15 - 5)) + -4
-27
What is the value of (1 - (-5 - -9)) + -6 + -6 + 33?
18
What is 11 + (-6 - -31 - 18)?
18
What is -6 + (8 + 2 - (27 - (13 + 13)))?
3
What is the value of -240 - -236 - (-30 - -2)?
24
Calculate 2887 - 2919 - (-2 + (0 - 1 - 8)).
-21
Evaluate 49 - 23 - 8 - (1 + 1).
16
-3 + (0 - (-6 - -2 - 6)) - -2
9
Calculate -4 + 38 + -46 + (2 - (1 + 1)).
-12
Calculate 2 - 0 - (11 - (36 + (-2 - 7))).
18
10 - (6 + (-8 - -11))
1
Evaluate -13 - -13 - -1 - -4.
5
(14 - 1) + 1 - (-69 - -86)
-3
1 + (-3 - ((-3 - 6) + 19) - 3)
-15
Evaluate -6 + 22 + -9 + 2 - (-1 - 7).
17
Calculate -6 + 4 - -3 - (-18 + 8).
11
397 - 448 - (-26 - -2)
-27
Calculate (-4 + -7 - 4) + (5 - (-18 + 15)).
-7
-5 - ((-21 - -7) + 19)
-10
What is 60 + (5 - 39) + -11?
15
What is the value of -7 + 298 + -301 + (-2 - (-2 + 3))?
-13
What is (-12 - -10) + 0 - (-9 - -6 - 5)?
6
What is the value of -18 - (1 + (2 - 11) - -5)?
-15
Calculate -11 + (-5 + (2 - -3) - 3) - -6.
-8
(-30 - 0) + -4 + (98 - 84)
-20
(31 - 13 - 11) + 2 + -1 + 3
11
What is the value of 32 + -31 + -1 + (-2 - -3) + 5?
6
Evaluate (-50 - -9) + 5 + 2 + -4 + 9.
-29
Calculate 7 - 1 - (13 + (-1 + -12 - -7)).
-1
Calculate 15 + 8 + -12 + -18.
-7
What is the value of 2 + -6 - (-2 + -6 + -7 + 7)?
4
What is the value of -8 - (-21 + 11 + 11 + -26)?
17
What is 1 + -5 + 0 + -3 - (-29 - -18)?
4
Evaluate 19 + (14 - 23) - 8.
2
-4 + (-19 - -5 - -23)
5
Calculate -7 - -14 - 14 - 4.
-11
What is -2 - -4 - ((96 - 98) + (-2 - -1))?
5
-5 + (12 - -6 - 8)
5
What is the value of -54 + 44 - (4 - -3 - 34)?
17
Evaluate 1 - (12 - (2 + (-6 - -10))).
-5
(5 - 22) + (12 - 11)
-16
Evaluate -8 + 2 + 14 - 8.
0
What is the value of 12 + -15 - (-26 + 4 - -4)?
15
Evaluate 25 - (-12 - (7 - 9)) - 9 - 3.
23
Calculate 0 + 1 + -2 + 21 + (-8 - 3).
9
What is -20 + (51 - 24) - (24 + 0 + 0)?
-17
Evaluate -3 + (15 - 7) - (22 + -6).
-11
-7 + (20 - 6) - 10
-3
Calculate 7 + (-5 + -4 + 1 - -17).
16
-25 + 0 + (-245 + 236 - (1 + -9))
-26
What is the value of 265 + -267 - (-4 - -1 - (3 + -2))?
2
What is the value of 7 + -22 + 0 + -11 + 5?
-21
What is the value of -4 + (13 - 7) + 11?
13
Calculate 9 - (-3 - (-5 - 4)) - 7.
-4
What is 22 - ((43 - 21) + 13)?
-13
-1 + 3 + 1 + 12 + -28 + -11
-24
Evaluate (32 + -9 - 9) + -46 + 11.
-21
Calculate (-4 - 28) + 25 + 28.
21
Calculate 19 + -47 + -7 + 9 - -8.
-18
Evaluate -15 + 16 + -8 - -2.
-5
Calculate (22 - 4) + 3 + (0 - (2 - 1)).
20
13 + (15 + -31 - -4)
1
What is 41 + -51 + 2 - (-1 + -3)?
-4
(-7 - -1 - 1 - -12) + -16
-11
Calculate -16 + 64 + -23 - 41.
-16
-13 + (-6 + 5 - -5) - (4 - 1)
-12
What is 1 + (0 - (-1 + -3 + 10))?
-5
What is (25 - -7) + (-19 - (7 + -26))?
32
Evaluate 31 - (4 + -2) - (-169 - -183).
15
Calculate (-45 + 29 - -21) + 27.
32
Evaluate (-18 - (-18 - -11)) + -1.
-12
10 + -20 + 10 + 3 - (-1 - 4)
8
2 + -30 + (-16 - -12) + 1 + 4
-27
-1 - 0 - (-6 - (20 + -43))
-18
-2 + 3 + (-5 - -10 - -14 - 9)
11
Calculate 6 + -3 + 14 + (3 - 3).
17
What is the value of 11 + 5 + -7 + -22?
-13
Evaluate -2 + (-8 + (-7 - 2) - -5).
-14
(7 - (2 + -6 - -6)) + 0
5
Calculate -9 - (-26 + -3 + 12).
8
What is the value of -7 - (13 + -21) - -9?
10
What is 8 + (-3 - (6 - -12))?
-13
6 - (-21 + (34 - 16)) - (22 + 0)
-13
6 - 8 - (-12 + (35 - 15))
-10
-9 + -1 - (-32 + (59 - 41))
4
What is 2 + 5 + -11 + 5?
1
Calculate -21 - (1 + -9 + -1).
-12
Evaluate 15 - 1 - (37 - (25 + 4)).
6
What is -14 - (4 + (-2 + 2 - -2)) - -5?
-15
What is -339 - -346 - (0 + -1 - (-3 + 2))?
7
40 - (41 + 7) - (2 - 12)
2
Evaluate 14 - (22 + -20 + (11 - 12)).
13
(21 - 24) + 14 + 2 - (-8 + 6)
15
Evaluate 14 + 3 + -2 - (489 + -477).
3
-4 - (10 - (5 - (-8 - -4))) - 8
-13
Calculate (4 + (-6 - -4 - 1) - 2) + 13.
12
What is (27 - (0 + 1)) + -4856 + 4853?
23
Evaluate 16 - (-9 + 10 + -9 + 6 - 1).
19
Calculate -18 - 0 - (-73 - -56).
-1
-3 + (20 - 4) + -9
4
Calculate (-10 - (-1 - 7) - (-8 + 2)) + 6.
10
What is the value of (-17 - (-75 - -27)) + -23?
8
Calculate 19 + -22 + 6 - -25.
28
What is the value of 2 + ((28 - 27) + (2 - -1) - 7)?
-1
-3 + -13 + (-109 - -114)
-11
0 + 1 + -42 + 35 + -5 + 1
-10
Evaluate 0 + -10 - ((132 - 136) + (2 - 32)).
24
Calculate (3 - 1) + (39 - 39).
2
What is the value of -8 + 32 + -15 + (-17 - -2)?
-6
-22 - (-4 + -10 + (10 - 1) + 8)
-25
-30 - (-7 - (-8 - -6)) - (11 - 23)
-13
What is (-13 - (-3 - (-7 + -4))) + 8?
-13
Calculate -10 + (0 - (-10 - -2) - 19).
-21
-1 + 7 + -1 - 9 - (12 - 7)
-9
Evaluate -2 - (4 + -25 + 3 - -8).
8
Calculate -4 + 18 + -5 + -27 - (-3 + 0).
-15
(13 - 4) + -11 + (1 - -2 - -1)
2
Calculate -12 + (14 - -1 - -4) + -18.
-11
Evaluate -45 + (32 - 22) + 18.
-17
Calculate -10 - (1 + 13 + -42).
18
37 + (-3 - 6) + -18 + 9
19
-1 + 15 + -6 - (6 + -3)
5
Evaluate 1 + -4 - (-11 - (6 + -3 + 4)).
15
Evaluate (-1 - -10) + -16 + (27 - 14).
6
What is -3 - -1 - (-47 - -31)?
14
What is 1 + -7 + -122 + 148?
20
Calculate (7 + -10 - 0) + (8 - 5).
0
What is -10 + (18 - (-10 - -12)) + 8?
14
What is the value of 1 + 7 - (45 + (-10 - -7) + -5)?
-29
11 + 4 + (9 - 19) + -2 + -20
-17
Evaluate 8 - 12 - (-1 + -2 - 4).
3
Calculate -46 + 45 + -17 + -4.
-22
Calculate 6 + -1 + (17 - 18) - (13 - -1).
-10
What is the value of 4 - (6 - (-9 + 24))?
13
Evaluate 11 - (7 + 8 + -16 + -6 - -4).
14
What is -12 + 0 + (4 - 1) - (-2 + 11)?
-18
Evaluate 5 + -5 - (-1 - (18 - (3 + -8))).
24
What is -1 + 0 + (-10 - (-31 + 10))?
10
(-40 - -47) + (-1 - 13) + -2
-9
Evaluate 8 - (-6 - 6 - -9).
11
What is the value of (-12 - (1 + -19)) + -14 + 11?
3
What is the value of (-1 - -4 - 9) + (-12 - -40) + -15?
7
What is the value of -2 + (0 - (1 + -8) - 10) + 8?
3
Evaluate (2 - -1 - 8) + 3 - (-6 + 1).
3
Calculate -13 + -21 + 10 + 3.
-21
Calculate 4 - (-10 + 8 + -2).
8
What is 2 + (2 - (-3 + 4 + -5 + 1))?
7
Evaluate (4 - 19) + (-9 - -8) + 8.
-8
-3 + 6 - -3 - (26 + -8)
-12
Evaluate 6 + 0 + 9 + (20 - 36).
-1
-12 + (11 - (12 - (-8 - -13)))
-8
Calculate -6 + -1 + 5 + -4 + 4 + 2.
0
Evaluate -34 - (10 + (-16 - 16) + 15).
-27
2 + (1 - -1 - -2) + 4 + -11
-1
Evaluate -7 + 8 + 4 - (-3 + (27 - 1)).
-18
What is 2 - (-16 + -2 + -7 + 17 + 0)?
10
-220 + 217 - (0 - 11)
8
What is the value of 38 + 0 + (-2341 - -2294)?
-9
What is (10 - (-1 - 0)) + (94 - 99)?
6
12 + (-15 - (9 - 6))
-6
Evaluate -9 + 8 + 3 + 10.
12
(457 - 455) + 11 + 1
14
Calculate (143 - 115) + (-27 - 2).
-1
-6 + 8 + 10 + -9 - -7 - 7
3
3 + -1 + (-16 - -17 - 12)
-9
-20 - (30 - 26 - 9)
-15
Calculate 6 + 3 + (-4 - 8).
-3
What is (58 - 63) + (0 - 3 - -12)?
4
Evaluate -3 + (-24 - 2) + -5 - (70 + -63).
-41
-5 - 1 - (16 - (16 - 15) - 5)
-16
What is 29 + -20 - ((-6 - -6) + 1)?
8
Evaluate -4 + -13 + 8 - 3.
-12
What is the value of 4 + (9 - 12) + 9 + -8 + -2?
0
Evaluate 11 + (-5 + 11 - -1 - (7 + -4)).
15
What is the value of 9 - 18 - (42 - 40)?
-11
13 + (1 - (8 - 3)) + -3 + 2
8
-33 + -2 + -12 + 43
-4
What is the value of (-4 - -44) + (17 - (10 - -19))?
28
-7 - -4 - (-21 - -12)
6
What is the value of 2 - -19 - (-9 - ((-12 - -6) + -3))?
21
What is -1 + (1 - (3 - (-11 + 25)))?
11
What is 11 + -2 + -17 + 19?
11
Calculate 11 + -2 + -26 + 9 + -23.
-31
Calculate 8 + 1 - (12 - (31 + -5